z) = 99*z + 50. Let h = -103 - -108. What is the tens digit of g(h)?
4
Suppose -3*m = -9 + 3. Suppose 43*u + 51 - 567 = 0. Suppose u = -b - 3*b, 0 = m*r - b - 59. What is the tens digit of r?
2
Let b = 109 + -39. Suppose -b - 5 = -3*n. Let y = 45 - n. What is the units digit of y?
0
Let y(x) = -2*x**3 + 3*x**2 + 23*x - 9. Let i be y(4). Let o(c) = 98*c**2 + 32*c - 85. What is the units digit of o(i)?
3
Let f(t) = -t**3 - 4*t**2 + 8*t + 7. Suppose -b = -5*b + 64. Let a = b + -22. What is the units digit of f(a)?
1
Let y = 906 + 428. What is the thousands digit of y?
1
Let c be -56 + (3 - 4) + 1. Let f be (-1 + -6)*12/6. Let w = f - c. What is the units digit of w?
2
Suppose 1304 + 606 = 10*l. Let c = 697 + l. What is the units digit of c?
8
Suppose -3*d - 13*d = 4*d - 182420. What is the hundreds digit of d?
1
Suppose 0*p + 27 = -p. Suppose -2518 = 24*q + 2810. Let x = p - q. What is the tens digit of x?
9
Let r(u) = u**3 + 6*u**2 - 2*u - 9. Let b be r(-5). Let m = 116 - b. Let j = 138 - m. What is the tens digit of j?
4
Suppose 0 = 5*f + 2*q - 28, -14*f = -17*f + 2*q + 4. Suppose -4*p + 2*v + 2305 + 781 = 0, f*p - v - 3087 = 0. What is the hundreds digit of p?
7
Suppose 203 = 2*w + 5*d - 99, 3*d = -w + 149. Suppose w*g - 4600 = 151*g. What is the tens digit of g?
6
Let m(g) = -232*g**3 + 2*g**2 + g - 1. Let a(v) = v**2 + 4*v + 2. Let r be a(-3). Let u be m(r). Suppose -7*q = -778 + u. What is the units digit of q?
8
Let l be (-4)/3 - 50/(-15). Suppose l*q = 4*w - 4, 4*q = 2*w + 2 + 8. What is the units digit of (-58 + 1)*q/(-6)?
8
Let w(j) be the first derivative of j**3 - 2*j**2 - 3*j - 93. Let p(u) = -u**2 - 6*u - 5. Let f be p(-6). What is the units digit of w(f)?
2
Suppose 2*h = 3*h + 3*c - 6, 5*h = c + 30. Suppose -h*n = -14 - 16. Suppose 85 = n*a + 5. What is the units digit of a?
6
Let r = -124 + 38. Let n be (-20)/(-150) + r/(-30). Suppose -n*w = -378 - 336. What is the hundreds digit of w?
2
Suppose -89*w + 94*w = 2*o + 147358, -29470 = -w + 2*o. What is the tens digit of w?
7
Let n(h) = 21*h**2. Let b(w) = -64*w**2 + 2*w + 1. Let d be b(-1). Let s = 67 + d. What is the tens digit of n(s)?
8
Suppose -1383200 = 99*y - 137*y. What is the hundreds digit of y?
4
Let s(p) = -9*p - 129. Let t be s(-15). Let y(o) = 161*o - 130. What is the units digit of y(t)?
6
What is the tens digit of (-10)/(-4) + 666/(-12)*-61?
8
Suppose -10*j + 58373 + 59250 = -74707. What is the hundreds digit of j?
2
Let k(n) = 413*n**2 - 23*n - 23. What is the tens digit of k(8)?
2
Let o(h) be the second derivative of -h**5/20 - h**4/12 + 7*h**3/3 - 11*h**2 + 2*h - 22. What is the hundreds digit of o(-7)?
1
Suppose -13*b - 389430 = -38*b + 924095. What is the hundreds digit of b?
5
Suppose 0 = -121046*c + 121079*c - 548856. What is the hundreds digit of c?
6
Let b(h) = h**2 + 2*h - 304. Let r be b(-19). Let q = r - -753. What is the hundreds digit of q?
7
Let u = 42 + -40. Suppose -4*z + 2598 = -u*l, 2*l + 1 = 3*l. What is the units digit of z?
0
Let t be (-4)/20 - (-7 + 312/40). What is the hundreds digit of (-47 + t)/(-6) + 579?
5
Suppose 9*q = 5*q + 132. Let n = 167 - q. What is the tens digit of n?
3
Let r = 80 - 69. Suppose 0 = -r*s + 10*s - 5*m + 272, -864 = -3*s + m. What is the hundreds digit of s?
2
Suppose 30*j = 52*j + 173*j - 8349120. What is the ten thousands digit of j?
4
Let t be (-15 + 1 - -2)*(-35)/28. Suppose 2*j + s = -t, 9 + 6 = j + 5*s. What is the tens digit of (j/(-15))/(-2) - (-421)/3?
4
Suppose -5*n + 7375 = -5*q, -26*n + 4427 = -23*n - 4*q. What is the hundreds digit of n?
4
Suppose -20*z - 2904 = -9*z. What is the tens digit of z/(-10)*(-9 + (-111)/(-9))?
8
Suppose -3*v = -v - 156. Let k = 1695 - 1639. Let r = v - k. What is the tens digit of r?
2
Suppose -886*i - 103740 = -892*i. What is the hundreds digit of i?
2
Let n(j) = -j**3 + 3*j**2 + 4*j - 1358. Let p be n(0). Let h = p - -2562. What is the units digit of h?
4
Let t be 0*(-18)/30*(-2)/(-6). Suppose -5*m + m + 7364 = t. What is the units digit of m?
1
Let c(f) = -f**2 + 14*f + 17. Let w be c(15). What is the units digit of 1965*((-21)/(-18) - 1/w)?
0
Suppose 629*y = 626*y - 5*x + 229, -2*y = 5*x - 151. What is the tens digit of y?
7
What is the tens digit of 35*1426 + 10 + (-5)/(5/(-6))?
2
Let m(i) = i**3 - 9*i**2 + 26*i - 9. Let c be m(5). What is the hundreds digit of (-5496)/84*c/(-6)?
2
Let p = 84 - 135. What is the units digit of (1 - p) + (-44)/(-22)?
4
Suppose 2*g - 110912 = -14*g. What is the thousands digit of g?
6
Suppose 0 = 4*p - 3*p - 4. Suppose 5*l - 5*g = -0*g + 2945, 0 = -p*g - 8. Suppose 18 = 5*q - l. What is the tens digit of q?
2
Let a(d) = -d**2 - 10*d. Let n be a(-9). Suppose 64 = -z + n*z. Suppose z*o - 77 = 1107. What is the hundreds digit of o?
1
Let g = 584 - 341. Let n = g + 284. What is the hundreds digit of n?
5
Let u(d) = -562*d**3 + 5*d**2 + 46*d - 41. What is the thousands digit of u(-4)?
5
Suppose 29*w + 62*w = -51*w + 1886754. What is the units digit of w?
7
Let u = 419 + -417. Suppose -10 = -2*d, 2*o + u*d = 3*d + 603. What is the units digit of o?
4
Suppose 3*f + 131 = -k + 465, 358 = k - 5*f. Suppose s = 5*b + 109, 0 = 3*s - 17*b + 18*b - k. What is the hundreds digit of s?
1
Let p = -65778 - -95309. What is the hundreds digit of p?
5
Let p be -485*4/36*9. What is the thousands digit of 5 - (p*4 - 2)?
1
Let l(r) = 25*r + 1. Let a be l(-1). Let h = 29 + a. Suppose -h*z = 4*b - 102 - 105, 2*b - 96 = -4*z. What is the tens digit of b?
5
Suppose 0 = 304*u - 320*u + 223776. What is the tens digit of u?
8
Let k(o) = -30*o + 298. Let b(g) = 31*g - 295. Let q(j) = -5*b(j) - 6*k(j). What is the units digit of q(51)?
2
Let i be ((-8)/16)/(3/(714/7)). Suppose o + 2*d + 2 = 0, 3*o + d + 2*d = 0. What is the units digit of o/4*(i - -201)?
2
Let n = -1165 - -4155. What is the units digit of n?
0
Let t be 1168/28 + 4/14. Let n = -34 + t. What is the units digit of 24/(-9)*(-60)/n?
0
What is the hundreds digit of 13254/(-2 + -1)*46/(-92)?
2
Let p = -438 - -5086. What is the tens digit of p?
4
Let f(z) = -2*z**2 + 10*z + 3. Let l be f(5). Suppose 0 = -3*k - 2*m + l*m - 12, 3*m = 0. Let d(o) = -18*o - 10. What is the units digit of d(k)?
2
Suppose 9*r - 22490 - 44605 = 0. What is the thousands digit of r?
7
Suppose 0 = -20*b - b - 21. Let y(i) be the second derivative of 67*i**4/4 - 2*i**3/3 - 5*i**2/2 + 4*i. What is the hundreds digit of y(b)?
2
What is the hundreds digit of (-5 - -46*(-2081)/(-2)) + 6?
8
Suppose 0 = 4*x - 249 - 303. Suppose -150 - x = -4*j. Let c = -55 + j. What is the units digit of c?
7
Suppose v = 65 - 37. What is the units digit of 8096/v + (-7)/49?
9
Suppose -6*l - 50 = -20. Let u(k) = -k**3 - 2*k**2 + 6*k - 14. What is the units digit of u(l)?
1
Let a(g) = 2194*g + 9156. What is the tens digit of a(22)?
2
Let h = -459 + 590. What is the units digit of h?
1
Let q be 1/(33/88 - (-7)/(-40)). What is the hundreds digit of (2 + -546)/(q/20*-4)?
5
Suppose 2197 = 8*w - 1755. Let s = 826 - w. Suppose -5*v = -v - s. What is the tens digit of v?
8
Let k(f) = f**3 + 6*f**2 + 4*f. Suppose 4*z = -3*b - 2*b - 40, z - 11 = 4*b. Let g be k(z). Suppose 0 = -g*l + 2*l + 234. What is the units digit of l?
8
Suppose 5*h = -3*j + 44920, 26952 = -0*h + 3*h + 5*j. What is the tens digit of h?
8
Let i(w) be the second derivative of -13*w**2 + 0 + 3*w + 11/6*w**3 - 5/12*w**4 + 1/20*w**5. What is the tens digit of i(6)?
7
Let z = -7705 - -8860. What is the tens digit of z?
5
Suppose 34*r - 14275 = 170345. What is the tens digit of r?
3
Suppose -9*r - 6768 = -17*r. Suppose -r = k - 1063. What is the hundreds digit of k?
2
Let l = 18945 - 10371. What is the tens digit of l?
7
What is the tens digit of 11 + (-80)/20 + 12273/1?
8
Let l = 37816 + -2037. What is the thousands digit of l?
5
Suppose -5*g = -0*g + 20, -f + 4*g + 209 = 0. Let o(x) = 4*x**2 + 11*x - 17. Let r be o(-11). Let u = r - f. What is the units digit of u?
3
Suppose -960 = -3*j + 9*j. What is the tens digit of ((j/6)/(-4))/((-15)/(-1035))?
6
Suppose -11*j + 7*j - 34648 = -3*v, -5*v = -4*j - 57752. What is the units digit of v?
2
Let t(y) = 803*y - 1063. What is the tens digit of t(8)?
6
Let i = -133 + 135. Suppose -4*j + 1112 = 3*u - u, i*u - 1122 = -2*j. What is the hundreds digit of u?
5
Let m(s